e
Let x(n) = -32*n - 183. Let i be x(-6). Suppose 370 = i*z - 719. Is z a multiple of 17?
False
Let s(a) = 118*a**2 - 2. Let q be s(-1). Let j = 125 - q. Is j a multiple of 2?
False
Suppose -3*a = 5*u - 5714, -10*u + 11*u - 3*a - 1132 = 0. Suppose -10*w + u - 31 = 0. Is w a multiple of 8?
False
Let d = -2146 - -5116. Is 110 a factor of d?
True
Let l(g) = g**3 + g**2 - g + 320. Let u be l(0). Let c = u + -68. Let i = c + -81. Does 17 divide i?
False
Suppose -44753 - 54126 + 32333 = -6*t. Is 4 a factor of t?
False
Let u(w) = 5*w**3 - 22*w**2 + 78*w + 16. Is 321 a factor of u(9)?
False
Suppose 3*k - 34255 = 5*y + 9167, 0 = 3*k - 8*y - 43431. Is k a multiple of 39?
True
Suppose 31*d - 72*d + 329252 = -27*d. Is 11 a factor of d?
True
Let q(n) = 7*n**2 - 2*n + 48. Let m be q(8). Let t = m - 336. Is t a multiple of 8?
True
Suppose -70*t + 3979 = -148691. Does 45 divide t?
False
Let r(u) = 3386*u - 439. Is 23 a factor of r(5)?
True
Let q(s) = s**3 - 3*s**2 + 4*s - 4. Let l be q(3). Let x(p) = 5*p**2 + 10*p - 23. Is 29 a factor of x(l)?
True
Let u(z) = -z**3 - 8*z**2 + 7*z - 13. Let g be u(-9). Suppose -2*x = -0*x - 10, -g*b = 3*x - 40. Suppose 5*k + 0*c = 2*c + 507, 511 = b*k - c. Does 15 divide k?
False
Suppose -2*q - 4*v + v = -316, 0 = 4*q - 5*v - 588. Suppose 5*r = 3*a - 11 + q, -5*r + 125 = 5*a. Does 10 divide 1614/r - 4/(-18)?
True
Let g = 12 + -10. Suppose -5*b + g*m = 58, 2*b - 2*m + 28 = -0*m. Does 6 divide 58/5 + 2/b*-2?
True
Suppose 3*w - 5812 = -4*b, -b - 4*w + 1280 + 147 = 0. Is 36 a factor of b?
False
Suppose -137*j - 32*j + 971520 = -9*j. Is j a multiple of 23?
True
Let s be -1 - 2709/12 - (-3)/(-12). Let z = s - -326. Is 12 a factor of z?
False
Let p = -18 - -20. Suppose -2*j = j - z + 60, -p*j = 5*z + 23. Let y = j - -37. Is y a multiple of 6?
True
Let y = 25290 + -16415. Is y a multiple of 355?
True
Let y(i) be the first derivative of 43*i**3/3 + 15*i**2 + 55*i - 188. Is y(-2) a multiple of 3?
False
Suppose m + p - 17 = -2*p, 3*m = -2*p + 16. Let x(d) = -8*d + m*d - 35 + 4*d. Is x(-22) a multiple of 9?
True
Suppose 155*r - 172*r = -20145. Does 26 divide r?
False
Let z be (-2)/11 - (-36)/(-44). Let i be 2 + -4 + (z - -3). Suppose -57 = -5*u - i*y + y, 5*u + 5*y - 45 = 0. Is 3 a factor of u?
False
Suppose 232 = 3*i - 5*i. Let v = i - -75. Let f = 68 - v. Does 15 divide f?
False
Let y be (1/(-2))/((-1)/62) + 2. Let u = y - -55. Suppose -367 = -3*d - u. Is d a multiple of 12?
False
Let t be (182/1)/((-68)/34). Let x = t + 94. Suppose 0 = -5*d + 5*n + 695, x*n - 224 = -2*d + 79. Does 14 divide d?
False
Suppose -2*o + 21 + 4 = 5*s, -o + s - 5 = 0. Suppose -2*d + 4*n + 48 = o, 4*d - 147 = 3*n - 26. Let z = -1 + d. Does 11 divide z?
True
Let x(s) = s**3 + 2*s**2 - s + 4. Let v = 81 - 86. Let q be -1*1 - 4/(20/v). Is x(q) a multiple of 3?
False
Let i(j) = -1132*j**2 + 16*j - 15. Let y(o) = -o**2 + 2*o - 1. Let b(v) = -i(v) - 2*y(v). Is b(1) a multiple of 21?
False
Let x(y) = -y**3 + 17*y**2 - 43*y + 12. Let v be x(14). Is 50 a factor of (-175)/(((-9)/(-24))/(3/v))?
True
Let a be (0 + 1)*(486 + -11)/1. Suppose -2*q - a = -631. Is q a multiple of 8?
False
Let t = 689 - 685. Suppose -t*j = 4*p - 76, -j = 5*p - 10*p + 71. Is 8 a factor of p?
False
Suppose 1030*n - 1027*n - 5*l = 52662, 0 = 5*l - 45. Is 110 a factor of n?
False
Let d(h) = -5*h - 23. Let o be d(-6). Let z(f) = 3*f + 1 + f**2 + 4 + f - o*f. Is z(-6) a multiple of 13?
False
Let t = 951 + -983. Suppose -4*l + 2*s - 462 = l, -s = -1. Let w = t - l. Is w a multiple of 9?
False
Let y = -1776 + 3102. Does 13 divide ((-200)/(-60))/(4/y)?
True
Is 33 a factor of (-517)/(-77) - 7 - 164625/(-21)?
False
Let p(h) = -11 + 29*h - 2 + 16*h + 3. Let b(x) = x**3 - 9*x**2 + 8*x + 3. Let a be b(8). Is p(a) a multiple of 25?
True
Suppose 10*p - 7*p - 5*r - 18761 = 0, -r = 3*p - 18755. Is p a multiple of 68?
False
Let g = 16257 + -12230. Is g a multiple of 21?
False
Let a(t) = 6*t**2 - 325*t + 207. Let x(q) = 2*q**2 - 108*q + 69. Let m(c) = 2*a(c) - 7*x(c). Is m(22) a multiple of 16?
False
Suppose -5*q + 2*v + 70305 = 0, -10*v = 5*q - 13*v - 70305. Does 129 divide q?
True
Let j be (-22041)/(-31)*(-10)/(-3). Is ((-3)/9)/((-10)/j) a multiple of 21?
False
Does 125 divide (182/(-52))/((-8)/(-12)*9/(-23172))?
False
Let v be (-780)/135 - 2/9. Is -5 - (-438)/(v + 9) a multiple of 2?
False
Let m(d) = -2353*d**3 + 11*d**2 + 9*d - 3. Is m(-1) a multiple of 6?
True
Suppose -u - 12 = i, -i = -3*u - 5*i - 36. Let r(z) = -z**3 - 8*z**2 - 6*z - 8. Is 20 a factor of r(u)?
True
Let d = 18457 - 9701. Is 199 a factor of d?
True
Suppose -56*t + 182270 = -t. Is 20 a factor of t?
False
Let s = 630 + -627. Let i(v) = 7 - 2*v + 0 + 12*v**2 + 1. Is 22 a factor of i(s)?
True
Is 31 a factor of 64109/11 - ((-117)/(-99))/13?
True
Let q = -45 - -2317. Is 32 a factor of q?
True
Let y(p) = 43*p**3 - 3*p**2 - 142*p + 699. Is 72 a factor of y(5)?
False
Let z be -305*((-66)/90 + (-2)/(-6)). Suppose 172 = 2*t - z. Suppose -2*f + v + 100 = 0, 0 = -4*f - 2*v + 45 + t. Is 15 a factor of f?
False
Let m = 7792 - -2796. Does 4 divide m?
True
Suppose -5*q - 51 - 4 = 0. Let n(k) be the third derivative of -5*k**4/24 - 7*k**3/3 - 97*k**2 + 5. Is 16 a factor of n(q)?
False
Suppose -7*l + 9 = -19. Is 20 + -4 + -5 + l a multiple of 3?
True
Let t = 2 + 0. Suppose -6 = 2*m - 2, 5*k - m - 1687 = 0. Does 36 divide k/t + 15/6?
False
Suppose 0 = -87*r + 91*r + 1480. Let t = 525 + r. Is t a multiple of 5?
True
Let z = 2353 + -2043. Is z a multiple of 20?
False
Suppose 9*z = 131*z - 212762 - 74182. Does 4 divide z?
True
Let y(g) = 191*g + 2. Let z be y(1). Suppose 2*i - z = -5*s, -s + 6*s = 5*i - 535. Is i a multiple of 8?
True
Let j(d) = 26*d**2 + 4*d. Let g = -87 - -84. Is 13 a factor of j(g)?
False
Let z be 2/(6/(-1)) - (-66)/9. Suppose -z*d + 2*d - 13 = 3*k, 2*k = d. Does 24 divide ((-304)/(-95))/(k/(-30))?
True
Let t(g) = 2*g**2 - g. Let n be t(3). Suppose 4*u - 5*u + 5*o - n = 0, o + 35 = 4*u. Is (-2)/2*-22*15/u a multiple of 10?
False
Let v = 32158 - 15229. Is v a multiple of 21?
False
Let b = 69 - 90. Is 5 a factor of ((-10)/3 + 1)*(b + -12)?
False
Suppose -15*s = -12*s - 261. Let p = -144 - -96. Let f = p + s. Does 17 divide f?
False
Let s be 18/((-18)/(-3)) + -41. Does 54 divide (40 + s)*398/4?
False
Let l be 2/4 - (-21)/2. Suppose -35 = 4*n - 5*v + 87, -3*v - 72 = 2*n. Is 26 a factor of 0 + 101 - n/l?
True
Let v(h) be the second derivative of h**5/12 - h**4/12 + h**3 + 5*h**2 - 6*h. Let n(r) be the first derivative of v(r). Is 11 a factor of n(4)?
False
Let k = 136 + -65. Suppose 14 = -5*g + 19*g. Let h = k + g. Is h a multiple of 22?
False
Suppose 0 = -11*n - 93 + 445. Let f = -86 - -138. Let u = n + f. Is 28 a factor of u?
True
Let u(v) = 162*v - 1946. Does 4 divide u(23)?
True
Suppose -36 = -4*q - 3*s, -4*q + 23 = -2*s - 13. Suppose 6*j = -5*o + j + 1095, -3*j = -q. Is 24 a factor of o?
True
Does 33 divide 1/(-6) - (117974/(-12) - 3)?
True
Suppose -2*t + 828 = -5*s, -102*t - 2*s + 1584 = -98*t. Is t a multiple of 3?
True
Let n = 574 - 570. Is 3 a factor of ((-2 + n - -490) + -2)/2?
False
Let n be (2*3/(-12))/(3/(-66)). Suppose -n*z - 40 = -12*z. Let y = -29 + z. Is 4 a factor of y?
False
Let p(t) = 158*t**3 - 2*t**2 - 3*t + 3. Let q(x) = 2*x**2 + 18*x - 19. Let s be q(-10). Does 26 divide p(s)?
True
Let q = -190 + 196. Suppose 3*c + 45 = 3*j, -3*c - 9 = q. Is 5 a factor of j?
True
Suppose j = -11*g + 8*g - 31, 4*g + 44 = -4*j. Let r(p) = p**2 - 27*p - 27. Does 17 divide r(g)?
False
Let z(c) = 435*c**2 + 9*c + 198. Is 115 a factor of z(-6)?
False
Suppose -5*w - 2*q - 188 = 0, 3*q - 93 - 100 = 5*w. Let v(o) = -3*o - 3. Let b be v(-1). Let x = b - w. Is x a multiple of 8?
False
Let z = -55 + 58. Suppose -z*f + 3*o = -0*f + 3, 4*o = f + 10. Let y(b) = 7*b**3 - 4*b**2. Is 10 a factor of y(f)?
True
Let o(d) = -7*d**3 - 3*d**2 + 7*d + 5. Let p be o(-5). Let c be (-10)/(-50) - ((-428)/10 - 0). Suppose c*j = 38*j + p. Does 36 divide j?
False
Let y = 597 - -11. Let x = 92 + y. Is x a multiple of 28?
True
Let p(y) = 7*y**2 - 5*y - 10. Suppose 10 = -z - 0*r + r, -4*r + 16 = 0. Let w be p(z). Suppose 2*t + 2*t - w = -4*o, -t + 4*o + 58 = 0. Does 22 divide t?
True
Let m(l) = 6864*l - 4722. Is 30 a factor of m(3)?
True
Let l = 7 - 3. Suppose 1122 = 4*u - 